a0
Convert -1110111101 (base 3) to base 14.
-a6c8
What is -165717 (base 8) in base 13?
-21628
What is -32301031 (base 4) in base 14?
-1808d
-171561 (base 8) to base 7
-346460
What is -113131303012 (base 4) in base 6?
-335502314
What is -170449 (base 14) in base 9?
-1460716
Convert 104310100 (base 5) to base 16.
7112e
What is 1d8651 (base 14) in base 7?
12004431
121020110102 (base 3) to base 12
134b85
What is 46530313 (base 8) in base 6?
1001142135
What is -6078 (base 15) in base 2?
-100111110001011
-100100011000101110 (base 2) to base 13
-52ab6
What is 1876260 (base 12) in base 5?
2303220040
What is 21212210110 (base 3) in base 12?
75933
4d1d7 (base 14) to base 5
22032341
What is 113220000 (base 4) in base 16?
17a00
112112110001201 (base 3) to base 13
17a5c38
Convert 1020012220211 (base 3) to base 16.
9fa1e
What is -b101 (base 13) in base 5?
-1234322
What is 250062 (base 8) in base 16?
15032
8449 (base 15) to base 12
14229
836707a (base 11) to base 5
12234043031
Convert 11111000211 (base 4) to base 2.
101010101000000100101
What is 3621664 (base 7) in base 6?
13502134
Convert -4833 (base 12) to base 10.
-8103
Convert -70720 (base 10) to base 4.
-101101000
What is 1d2b95 (base 15) in base 2?
101011100010110110001
What is -b5001 (base 13) in base 8?
-1173045
581cce (base 15) to base 4
100003120100
-5617424 (base 10) to base 3
-101120101122202
Convert 12122022122 (base 3) to base 11.
76477
-1001101101000100111 (base 2) to base 13
-b197b
What is 5133 (base 16) in base 2?
101000100110011
4273470 (base 9) to base 10
2292363
-1663170 (base 8) to base 16
-76678
74da8 (base 16) to base 12
1b0ba0
Convert cada (base 14) to base 5.
2110310
Convert -20231253 (base 6) to base 10.
-579633
Convert 123773 (base 11) to base 12.
94bb1
Convert -10101121100 (base 3) to base 11.
-4619a
What is 11014400 (base 5) in base 12?
46b67
What is 5b826 (base 12) in base 9?
207823
What is -10366c (base 15) in base 8?
-2741610
What is c855d (base 15) in base 16?
9b341
-263374 (base 8) to base 5
-10420100
-100110111001010011 (base 2) to base 4
-212321103
-1351518 (base 15) to base 11
-7952122
413323 (base 8) to base 3
20221210221
1522035 (base 7) to base 5
23112243
5a4c99 (base 16) to base 10
5917849
What is 11000010101101101000101 (base 2) in base 11?
3668725
What is -13211103231 (base 4) in base 15?
-293eb6
-1136556 (base 8) to base 5
-34420023
What is 4323176 (base 9) in base 12?
939796
-89a0a (base 11) to base 3
-20121202221
35428 (base 9) to base 2
101110001111110
-1aae5 (base 16) to base 3
-12112220121
Convert 124421 (base 8) to base 16.
a911
Convert 164242 (base 7) to base 13.
11b75
What is -39f88 (base 16) in base 6?
-5031144
26046 (base 8) to base 10
11302
Convert 3120121201 (base 4) to base 12.
368b41
What is -2120100202202 (base 3) in base 8?
-5152400
Convert 147248 (base 9) to base 5.
10344402
-1111101001111100111110 (base 2) to base 14
-78b8aa
Convert 3242767 (base 8) to base 5.
210314004
Convert 10560340 (base 7) to base 16.
e122f
324552323 (base 6) to base 3
101222020222120
What is 2021123211 (base 4) in base 11?
354a23
-1430667 (base 8) to base 11
-257a9a
Convert -6531164 (base 7) to base 16.
-c2b82
11111031101 (base 4) to base 11
875032
Convert 221a85 (base 13) to base 3.
1111211110211
263165 (base 7) to base 16
bff9
Convert -13003122 (base 5) to base 14.
-339c0
3121011 (base 5) to base 4
30202311
What is -2331124 (base 5) in base 7?
-235246
What is -102002200 (base 4) in base 6?
-1330024
-60c33 (base 15) to base 12
-129456
-c3d9a0 (base 15) to base 8
-43410331
What is 65117 (base 9) in base 2?
1010100001100100
Convert 111022111211200 (base 3) to base 11.
3aa3578
-238139 (base 14) to base 2
-100101000001010100111
-1212301331 (base 4) to base 13
-11980a
-3140113041 (base 5) to base 12
-2248186
13114421 (base 5) to base 2
11111100101010001
-4106 (base 10) to base 14
-16d4
What is -28975 (base 15) in base 12?
-63555
What is -45021310 (base 6) in base 11?
-846819
What is b009c (base 13) in base 7?
2446220
What is -30716716 (base 8) in base 14?
-c1d26a
What is 100220112201 (base 3) in base 7?
1441426
-11175444 (base 8) to base 5
-1110023323
What is 33120445 (base 6) in base 16?
f1c6d
Convert 554404 (base 7) to base 8.
276514
1010320 (base 6) to base 12
239a0
-3460050 (base 7) to base 12
-18b620
-1d6662 (base 14) to base 5
-232224313
-503624 (base 9) to base 11
-193935
Convert -3440055 (base 9) to base 16.
-1c552d
Convert 420320102 (base 5) to base 11.
a81364
Convert cfd7 (base 16) to base 6.
1050155
Convert 2230323220 (base 4) to base 9.
1288571
114235002 (base 6) to base 13
5ab291
Convert 92be6 (base 16) to base 3.
1010112111120
-a1759 (base 16) to base 6
-22101425
Convert -210b214 (base 13) to base 3.
-200220120020020
What is b6a (base 16) in base 15?
cec
-535168 (base 9) to base 12
-134538
What is -153036 (base 9) in base 2?
-10110111101111010
2daec (base 16) to base 13
67227
What is 2251504 (base 6) in base 13?
408b5
What is 3837959 (base 10) in base 12?
135105b
What is 1101001001010101101101 (base 2) in base 14?
659c3b
Convert -2d9d9b (base 14) to base 13.
-4414b5
What is -21001012122120 (base 3) in base 6?
-212124453
Convert -21222200112202 (base 3) to base 15.
-58cd45
331b90 (base 12) to base 2
11000110010001011100
What is -4619c5 (base 16) in base 10?
-4594117
Convert -1ba5b (base 14) to base 15.
-15de6
What is 6c819 (base 16) in base 8?
1544031
What is -555651 (base 9) in base 7?
-2552410
-1015252 (base 6) to base 11
-33a0a
What is -3427106 (base 11) in base 4?
-112320100231
-311174 (base 13) to base 4
-10113201011
What is -11929a4 (base 11) in base 9?
-3802081
What is -3443552 (base 7) in base 14?
-b3162
Convert 55314102 (base 7) to base 15.
640670
What is 1123021443 (base 5) in base 15?
355118
Convert 101111010011111100010 (base 2) to base 9.
2822552
What is 224030120 (base 5) in base 10?
1001910
Convert -210301131 (base 4) to base 11.
-a3189
Convert 18b23 (base 14) to base 8.
172133
-10110110111000001111011 (base 2) to base 9
-12243232
Convert 1022120022112 (base 3) to base 14.
1431b0
What is 506632 (base 9) in base 16?
49466
What is 10a2ad (base 14) in base 5?
121101214
Convert 616558 (base 9) to base 6.
11500555
Convert 52201 (base 10) to base 13.
1a9b6
What is -161681 (base 10) in base 5?
-20133211
What is -206530 (base 10) in base 9?
-344267
What is 20764327 (base 9) in base 3?
200212011100221
2955c (base 13) to base 11
53513
Convert 19d8b (base 15) to base 3.
11021022012
What is 2a6a10 (base 11) in base 12?
1b055b
What is -37a917 (base 12) in base 15?
-12ea7d
Convert 150547 (base 8) to base 2.
1101000101100111
Convert -110010000000001011011000 (base 2) to base 5.
-11323423203
662627 (base 8) to base 9
368330
Convert b1356 (base 14) to base 10.
425984
What is -81719 (base 12) in base 15?
-34e80
Convert -47791 (base 15) to base 3.
-102120112101
-20131104 (base 5) to base 8
-473174
What is -10213431 (base 5) in base 11?
-5925a
What is 63879 (base 13) in base 15?
38259
What is -9015a2 (base 12) in base 6?
-120015522
Convert -1010011011110101010000 (base 2) to base 12.
-abb014
Convert 65737 (base 8) to base 11.
19825
What is -2042403 (base 5) in base 12?
-1789b
What is -2b8adb (base 14) in base 4?
-11303222121
What is -1369196 (base 11) in base 4?
-20332321031
What is 729754 (base 10) in base 8?
2621232
-323122122032 (base 4) to base 2
-111011011010011010001110
Convert -2d89d (base 14) to base 5.
-12123321
What is -1353001 (base 6) in base 8?
-226471
Convert 13566434 (base 7) to base 11.
7a2650
What is -686ab (base 12) in base 14?
-38a55
Convert 11756315 (base 8) to base 3.
11220201120122
What is -407600 (base 8) in base 13?
-49609
Convert 142365 (base 7) to base 13.
c564
Convert 306317 (base 9) to base 6.
3521324
Convert -d9c5 (base 14) to base 7.
-214435
Convert 80647 (base 10) to base 7.
454060
6070 (base 14) to base 10
16562
What is 1012101332 (base 4) in base 11?
187310
Convert 21eb7 (base 16) to base 5.
13421220
Convert -2111014131 (base 5) to base 11.
-252a688
233c3b (base 13) to base 5
203240223
Convert 310575 (base 8) to base 12.
4b591
-40343111 (base 5) to base 9
-544457
What is -141143024 (base 5) in base 12?
-2ab510
Convert -76379 (base 11) to base 10.
-110922
Convert -23434204 (base 5) to base 10.
-218054
What is 3a5d1 (base 16) in base 